{"id":44,"date":"2020-08-30T09:50:20","date_gmt":"2020-08-30T09:50:20","guid":{"rendered":"http:\/\/neu.die-kosmetik-oase-ricklingen.de\/?page_id=44"},"modified":"2022-03-25T19:24:54","modified_gmt":"2022-03-25T19:24:54","slug":"reiki","status":"publish","type":"page","link":"https:\/\/www.die-kosmetik-oase-ricklingen.de\/?page_id=44","title":{"rendered":"Reiki"},"content":{"rendered":"\n<p><strong>Was ist Reiki?<br><\/strong><br><strong>Reiki nutzt die universelle Lebensenergie zur Steigerung des Wohlbefindens. Es ist eine einfache, direkte und zug\u00e4ngliche Art. Durch sanftes Handauflegen bringt Reiki Frieden und Gleichgewicht f\u00fcr K\u00f6rper, Geist und Seele.<br><\/strong><br><strong>&nbsp;&nbsp;&nbsp;&nbsp; Rei<\/strong>&nbsp;\u2013 bedeutet universal und bezieht sich auf die Ebenen des Geistes und die Seele<br><strong>&nbsp;&nbsp;&nbsp;&nbsp;&nbsp; Ki<\/strong>&nbsp;&nbsp; \u2013 ist die Lebensenergie, die in allem Lebendigen flie\u00dft<\/p>\n\n\n\n<p>(gesprochen: Ree-kii)<\/p>\n\n\n\n<p><strong>Reiki &nbsp; &nbsp; &nbsp; &nbsp; &nbsp; &nbsp; &nbsp; &nbsp; &nbsp; &nbsp; &nbsp; &nbsp;&nbsp; &nbsp; &nbsp; &nbsp; &nbsp; &nbsp; &nbsp; &nbsp; &nbsp; &nbsp; &nbsp; &nbsp; &nbsp; &nbsp; &nbsp; &nbsp; &nbsp; &nbsp; &nbsp; &nbsp; &nbsp; &nbsp; &nbsp; &nbsp; &nbsp; &nbsp; &nbsp; \u20ac 48,00<\/strong><br>(inkl. Vorgespr\u00e4ch, Entspannungszeit nach der Behandlung,&nbsp;&nbsp;Dauer: 90 Minuten)<\/p>\n\n\n\n<p><strong>Reiki (3 Std.) &nbsp; &nbsp; &nbsp; &nbsp; &nbsp; &nbsp; &nbsp; &nbsp; &nbsp; &nbsp; &nbsp;&nbsp; &nbsp; &nbsp; &nbsp; &nbsp; &nbsp; &nbsp; &nbsp; &nbsp; &nbsp; &nbsp; &nbsp; &nbsp; &nbsp; &nbsp; &nbsp; &nbsp; &nbsp; &nbsp; &nbsp; &nbsp;\u20ac&nbsp;130,00<\/strong><br>(Vorkasse erforderlich)<\/p>\n\n\n\n<p><strong>Reiki (15 Min.) &nbsp; &nbsp; &nbsp; &nbsp; &nbsp; &nbsp; &nbsp; &nbsp; &nbsp; &nbsp; &nbsp; &nbsp; &nbsp; &nbsp; &nbsp; &nbsp; &nbsp; &nbsp; &nbsp; &nbsp; &nbsp; &nbsp; &nbsp; &nbsp; &nbsp; &nbsp; &nbsp; &nbsp; &nbsp; &nbsp; &nbsp; \u20ac 15,00<\/strong><\/p>\n\n\n\n<p><\/p>\n\n\n\n<p><\/p>\n\n\n\n<p><strong>Energetische Beratung<\/strong><\/p>\n\n\n\n<p><strong>Reiki inkl. Chakrenausgleich &nbsp; &nbsp; &nbsp; &nbsp; &nbsp; &nbsp; &nbsp; &nbsp; &nbsp; &nbsp; &nbsp;&nbsp; &nbsp; &nbsp; &nbsp;&nbsp; &nbsp; &nbsp;&nbsp; &nbsp; \u20ac 89,00<\/strong><\/p>\n","protected":false},"excerpt":{"rendered":"<p>Was ist Reiki?Reiki nutzt die universelle Lebensenergie zur Steigerung des Wohlbefindens. Es ist eine einfache, direkte und zug\u00e4ngliche Art. Durch sanftes Handauflegen bringt Reiki Frieden und Gleichgewicht f\u00fcr K\u00f6rper, Geist und Seele.&nbsp;&nbsp;&nbsp;&nbsp; Rei&nbsp;\u2013 bedeutet universal und bezieht sich auf die&hellip; <\/p>\n","protected":false},"author":1,"featured_media":0,"parent":0,"menu_order":0,"comment_status":"closed","ping_status":"closed","template":"","meta":[],"_links":{"self":[{"href":"https:\/\/www.die-kosmetik-oase-ricklingen.de\/index.php?rest_route=\/wp\/v2\/pages\/44"}],"collection":[{"href":"https:\/\/www.die-kosmetik-oase-ricklingen.de\/index.php?rest_route=\/wp\/v2\/pages"}],"about":[{"href":"https:\/\/www.die-kosmetik-oase-ricklingen.de\/index.php?rest_route=\/wp\/v2\/types\/page"}],"author":[{"embeddable":true,"href":"https:\/\/www.die-kosmetik-oase-ricklingen.de\/index.php?rest_route=\/wp\/v2\/users\/1"}],"replies":[{"embeddable":true,"href":"https:\/\/www.die-kosmetik-oase-ricklingen.de\/index.php?rest_route=%2Fwp%2Fv2%2Fcomments&post=44"}],"version-history":[{"count":8,"href":"https:\/\/www.die-kosmetik-oase-ricklingen.de\/index.php?rest_route=\/wp\/v2\/pages\/44\/revisions"}],"predecessor-version":[{"id":238,"href":"https:\/\/www.die-kosmetik-oase-ricklingen.de\/index.php?rest_route=\/wp\/v2\/pages\/44\/revisions\/238"}],"wp:attachment":[{"href":"https:\/\/www.die-kosmetik-oase-ricklingen.de\/index.php?rest_route=%2Fwp%2Fv2%2Fmedia&parent=44"}],"curies":[{"name":"wp","href":"https:\/\/api.w.org\/{rel}","templated":true}]}}