{"id":41,"date":"2020-08-30T09:50:20","date_gmt":"2020-08-30T09:50:20","guid":{"rendered":"http:\/\/neu.die-kosmetik-oase-ricklingen.de\/?page_id=41"},"modified":"2020-08-30T10:53:26","modified_gmt":"2020-08-30T10:53:26","slug":"fusspflege","status":"publish","type":"page","link":"https:\/\/www.die-kosmetik-oase-ricklingen.de\/?page_id=41","title":{"rendered":"Fu\u00dfpflege"},"content":{"rendered":"\n<div class=\"wp-block-image\"><figure class=\"aligncenter\"><img src=\"http:\/\/preview.die-kosmetik-oase-ricklingen.de\/wp-content\/uploads\/2015\/08\/fusspflege-200x300.jpg\" alt=\"beautiful legs - beauty treatment - bowl of pure water with daisy flowers\" class=\"wp-image-93\"\/><\/figure><\/div>\n\n\n\n<h5 class=\"has-text-align-center\">Verw\u00f6hnen Sie sich und Ihre F\u00fc\u00dfe mit einem entsprechenden Pflege- und Wohlf\u00fchlprogramm.<\/h5>\n\n\n\n<p><\/p>\n\n\n\n<h5 class=\"has-text-align-center\">Wer seinen F\u00fc\u00dfen mehr Beachtung schenkt, sorgt auch f\u00fcr mehr Wohlbefinden des ganzen K\u00f6rpers.<\/h5>\n\n\n\n<p><\/p>\n\n\n\n<h5 class=\"has-text-align-center\">G\u00f6nnen Sie Ihren F\u00fc\u00dfen ein angenehmes Fu\u00dfbad, lassen sich dr\u00fcckende Stellen oder Hornhaut entfernen und auf Wunsch die N\u00e4gel lackieren.<\/h5>\n\n\n\n<p><\/p>\n\n\n\n<h5 class=\"has-text-align-center\">Eine Fu\u00dfmassage sorgt daf\u00fcr, dass Sie wie auf Wolken gehen.<\/h5>\n\n\n\n<p><\/p>\n\n\n\n<div class=\"wp-block-image\"><figure class=\"aligncenter\"><a href=\"http:\/\/preview.die-kosmetik-oase-ricklingen.de\/wp-content\/uploads\/2015\/08\/fussmassage.jpg\"><img src=\"http:\/\/preview.die-kosmetik-oase-ricklingen.de\/wp-content\/uploads\/2015\/08\/fussmassage-300x200.jpg\" alt=\"Female hands giving massage to soft bare foot\" class=\"wp-image-95\"\/><\/a><\/figure><\/div>\n","protected":false},"excerpt":{"rendered":"<p>Verw\u00f6hnen Sie sich und Ihre F\u00fc\u00dfe mit einem entsprechenden Pflege- und Wohlf\u00fchlprogramm. Wer seinen F\u00fc\u00dfen mehr Beachtung schenkt, sorgt auch f\u00fcr mehr Wohlbefinden des ganzen K\u00f6rpers. G\u00f6nnen Sie Ihren F\u00fc\u00dfen ein angenehmes Fu\u00dfbad, lassen sich dr\u00fcckende Stellen oder Hornhaut entfernen&hellip; <\/p>\n","protected":false},"author":1,"featured_media":0,"parent":0,"menu_order":0,"comment_status":"closed","ping_status":"closed","template":"","meta":[],"_links":{"self":[{"href":"https:\/\/www.die-kosmetik-oase-ricklingen.de\/index.php?rest_route=\/wp\/v2\/pages\/41"}],"collection":[{"href":"https:\/\/www.die-kosmetik-oase-ricklingen.de\/index.php?rest_route=\/wp\/v2\/pages"}],"about":[{"href":"https:\/\/www.die-kosmetik-oase-ricklingen.de\/index.php?rest_route=\/wp\/v2\/types\/page"}],"author":[{"embeddable":true,"href":"https:\/\/www.die-kosmetik-oase-ricklingen.de\/index.php?rest_route=\/wp\/v2\/users\/1"}],"replies":[{"embeddable":true,"href":"https:\/\/www.die-kosmetik-oase-ricklingen.de\/index.php?rest_route=%2Fwp%2Fv2%2Fcomments&post=41"}],"version-history":[{"count":3,"href":"https:\/\/www.die-kosmetik-oase-ricklingen.de\/index.php?rest_route=\/wp\/v2\/pages\/41\/revisions"}],"predecessor-version":[{"id":135,"href":"https:\/\/www.die-kosmetik-oase-ricklingen.de\/index.php?rest_route=\/wp\/v2\/pages\/41\/revisions\/135"}],"wp:attachment":[{"href":"https:\/\/www.die-kosmetik-oase-ricklingen.de\/index.php?rest_route=%2Fwp%2Fv2%2Fmedia&parent=41"}],"curies":[{"name":"wp","href":"https:\/\/api.w.org\/{rel}","templated":true}]}}